f 39161?
1
What is the tens digit of 159438?
3
What is the tens digit of 5074?
7
What is the tens digit of 12051?
5
What is the ten thousands digit of 72322?
7
What is the hundreds digit of 23070?
0
What is the hundreds digit of 7363?
3
What is the units digit of 1397?
7
What is the hundreds digit of 10647?
6
What is the hundreds digit of 1223?
2
What is the hundreds digit of 939?
9
What is the tens digit of 3812?
1
What is the thousands digit of 12615?
2
What is the thousands digit of 13320?
3
What is the hundreds digit of 50863?
8
What is the hundreds digit of 3481?
4
What is the units digit of 7833?
3
What is the tens digit of 6662?
6
What is the tens digit of 41059?
5
What is the hundreds digit of 9326?
3
What is the hundreds digit of 2003?
0
What is the hundreds digit of 6842?
8
What is the hundreds digit of 4108?
1
What is the hundreds digit of 4929?
9
What is the hundreds digit of 304?
3
What is the thousands digit of 1587?
1
What is the hundreds digit of 52887?
8
What is the units digit of 47904?
4
What is the hundreds digit of 13841?
8
What is the units digit of 15142?
2
What is the tens digit of 1656?
5
What is the hundreds digit of 11545?
5
What is the thousands digit of 62719?
2
What is the units digit of 884?
4
What is the tens digit of 75944?
4
What is the tens digit of 47107?
0
What is the hundreds digit of 15401?
4
What is the tens digit of 422?
2
What is the tens digit of 1300?
0
What is the thousands digit of 7161?
7
What is the thousands digit of 3390?
3
What is the units digit of 6541?
1
What is the units digit of 392?
2
What is the tens digit of 602?
0
What is the hundreds digit of 4158?
1
What is the tens digit of 502?
0
What is the hundreds digit of 1583?
5
What is the units digit of 31762?
2
What is the thousands digit of 4090?
4
What is the thousands digit of 1540?
1
What is the hundreds digit of 3290?
2
What is the thousands digit of 4936?
4
What is the thousands digit of 1242?
1
What is the hundreds digit of 16975?
9
What is the tens digit of 2878?
7
What is the ten thousands digit of 10980?
1
What is the hundreds digit of 310?
3
What is the hundreds digit of 20100?
1
What is the ten thousands digit of 17415?
1
What is the units digit of 5697?
7
What is the tens digit of 184247?
4
What is the tens digit of 57305?
0
What is the units digit of 736?
6
What is the tens digit of 5371?
7
What is the hundreds digit of 1767?
7
What is the tens digit of 433?
3
What is the units digit of 528?
8
What is the tens digit of 19769?
6
What is the units digit of 323?
3
What is the hundreds digit of 7297?
2
What is the hundreds digit of 1248?
2
What is the units digit of 1053?
3
What is the hundreds digit of 1172?
1
What is the thousands digit of 1475?
1
What is the hundreds digit of 1768?
7
What is the thousands digit of 1239?
1
What is the units digit of 171?
1
What is the tens digit of 19337?
3
What is the thousands digit of 29927?
9
What is the hundreds digit of 84366?
3
What is the ten thousands digit of 156673?
5
What is the hundreds digit of 26618?
6
What is the units digit of 646?
6
What is the units digit of 27143?
3
What is the hundreds digit of 306?
3
What is the ten thousands digit of 17627?
1
What is the hundreds digit of 307?
3
What is the hundreds digit of 46025?
0
What is the tens digit of 20087?
8
What is the ten thousands digit of 17847?
1
What is the ten thousands digit of 48617?
4
What is the thousands digit of 61049?
1
What is the hundreds digit of 197?
1
What is the hundreds digit of 3868?
8
What is the tens digit of 2406?
0
What is the thousands digit of 1202?
1
What is the thousands digit of 1198?
1
What is the ten thousands digit of 35021?
3
What is the units digit of 69037?
7
What is the thousands digit of 2235?
2
What is the tens digit of 589?
8
What is the hundreds digit of 4068?
0
What is the units digit of 6301?
1
What is the ten thousands digit of 38526?
3
What is the ten thousands digit of 17390?
1
What is the hundreds digit of 761?
7
What is the tens digit of 1740?
4
What is the thousands digit of 9078?
9
What is the ten thousands digit of 14929?
1
What is the thousands digit of 7169?
7
What is the units digit of 15256?
6
What is the hundreds digit of 14213?
2
What is the thousands digit of 2500?
2
What is the thousands digit of 41962?
1
What is the hundreds digit of 2041?
0
What is the tens digit of 4818?
1
What is the hundreds digit of 17986?
9
What is the thousands digit of 1919?
1
What is the hundred thousands digit of 117401?
1
What is the tens digit of 16629?
2
What is the hundreds digit of 52883?
8
What is the tens digit of 2331?
3
What is the hundreds digit of 5004?
0
What is the hundreds digit of 46615?
6
What is the hundreds digit of 7818?
8
What is the hundreds digit of 35013?
0
What is the units digit of 23376?
6
What is the thousands digit of 87889?
7
What is the hundreds digit of 67205?
2
What is the tens digit of 53011?
1
What is the units digit of 3272?
2
What is the units digit of 28017?
7
What is the thousands digit of 32178?
2
What is the hundreds digit of 53800?
8
What is the hundreds digit of 8535?
5
What is the tens digit of 1239?
3
What is the hundreds digit of 148?
1
What is the units digit of 1619?
9
What is the hundreds digit of 3315?
3
What is the tens digit of 2866?
6
What is the hundreds digit of 4992?
9
What is the units digit of 44419?
9
What is the thousands digit of 3443?
3
What is the units digit of 434?
4
What is the ten thousands digit of 22977?
2
What is the tens digit of 3256?
5
What is the thousands digit of 24441?
4
What is the tens digit of 8032?
3
What is the hundreds digit of 3850?
8
What is the hundreds digit of 5787?
7
What is the thousands digit of 1072?
1
What is the thousands digit of 1703?
1
What is the thousands digit of 59631?
9
What is the hundreds digit of 56755?
7
What is the tens digit of 759?
5
What is the hundreds digit of 609?
6
What is the hundreds digit of 478?
4
What is the units digit of 483?
3
What is the units digit of 2645?
5
What is the thousands digit of 63725?
3
What is the thousands digit of 1584?
1
What is the tens digit of 12595?
9
What is the hundreds digit of 1125?
1
What is the units digit of 81912?
2
What is the ten thousands digit of 14236?
1
What is the ten thousands digit of 32715?
3
What is the thousands digit of 2228?
2
What is the hundreds digit of 36265?
2
What is the units digit of 90665?
5
What is the thousands digit of 1636?
1
What is the units digit of 4909?
9
What is the hundreds digit of 6443?
4
What is the thousands digit of 62784?
2
What is the units digit of 88299?
9
What is the hundred thousands digit of 104767?
1
What is the hundreds digit of 31092?
0
What is the ten thousands digit of 63001?
6
What is the thousands digit of 6284?
6
What is the hundreds digit of 520?
5
What is the hundreds digit of 23327?
3
What is the ten thousands digit of 19829?
1
What is the units digit of 833?
3
What is the tens digit of 3229?
2
What is the tens digit of 18688?
8
What is the thousands digit of 6261?
6
What is the hundreds digit of 1484?
4
What is the thousands digit of 2915?
2
What is the thousands digit of 17641?
7
What is the thousands digit of 127396?
7
What is the tens digit of 2009?
0
What is the hundreds digit of 5825?
8
What is the thousands digit of 52865?
2
What is the hundreds digit of 2794?
7
What is the units digit of 84555?
5
What is the tens digit of 253?
5
What is the units digit of 9828?
8
What is the ten thousands digit of 78264?
7
What is the hundreds digit of 15625?
6
What is the hundreds digit of 90105?
1
What is the tens digit of 1086?
8
What is the units digit of 18673?
3
What is the units digit of 761?
1
What is the tens digit of 747?
4
What is the thousands digit of 32121?
2
What is the hundreds digit of 4995?
9
What is the units digit of 48948?
8
What is the units digit of 3416?
6
What is the tens digit of 2800?
0
What is the hundreds digit of 791?
7
What is the hundreds digit of 903?
9
What is the hundred thousands digit of 101773?
1
What is the units digit of 1397?
7
What is the units digit of 4222?
2
What is the hundreds digit of 6738?
7
What is the units digit of 15954?
4
What is the units digit of 30954?
4
What is the hundreds digit of 4278?
2
What is the units digit of 1963?
3
What is th